{"id":4,"date":"2017-02-15T16:53:38","date_gmt":"2017-02-15T16:53:38","guid":{"rendered":"http:\/\/aufdemwegzumendederwelt.de\/?page_id=4"},"modified":"2023-02-26T19:41:47","modified_gmt":"2023-02-26T19:41:47","slug":"impressum","status":"publish","type":"page","link":"https:\/\/aufdemwegzumendederwelt.de\/?page_id=4","title":{"rendered":"Impressum"},"content":{"rendered":"<p>Heiko Neum\u00fcller<br \/>\n59269 Beckum<br \/>\nMobil: 0175\/9664729<br \/>\nE-Mail: info@aufdemwegzumendederwelt.de<br \/>\nInternet: www.aufdemwegzumendederwelt.de<\/p>\n<p>Steuer-ID: 48 817 562 393<\/p>\n<p style=\"text-align: justify;\"><b>Hinweis auf urheberrechtliche Inhalte:<\/b><br \/>\nCopyright 2017. Alle Rechte vorbehalten. Alle Inhalte (Texte, Bilder, Grafiken, Ton-, Video- und Animationsdateien sowie deren Anordnung u. a.) auf der Website unterliegen dem Schutz des Urheberrechts und anderer Schutzgesetze. Der Rechtsschutz gilt auch gegen\u00fcber Datenbanken und \u00e4hnlichen Einrichtungen. Die Inhalte sind nur f\u00fcr den bestimmungsgem\u00e4\u00dfen Abruf im Internet frei nutzbar. Die Inhalte dieser Website d\u00fcrfen au\u00dferhalb der Grenzen des Urheberrechts ohne schriftliche Genehmigung nicht in irgendeiner Form vervielf\u00e4ltigt, verbreitet, ver\u00e4ndert oder Dritten zug\u00e4nglich gemacht werden. Einige Bereiche der Website enthalten au\u00dferdem Bilder, die dem Copyright Dritter unterliegen. Soweit nicht anders angegeben, sind alle Markenzeichen auf der Website markenrechtlich gesch\u00fctzt.<br \/>\n<b>Hinweis<\/b> <b>auf<\/b> <b>Haftung<\/b> <b>der<\/b> <b>Inhalte<\/b>:<br \/>\nAlle Angaben dieses Internetangebotes wurden sorgf\u00e4ltig gepr\u00fcft. Wir bem\u00fchen uns, dieses Informationsangebot stetig zu erweitern und zu aktualisieren. Eine Garantie f\u00fcr die Vollst\u00e4ndigkeit, Richtigkeit und letzte Aktualit\u00e4t kann jedoch nicht \u00fcbernommen werden. Wir stellen diese Informationen ohne jegliche Zusicherung oder Gew\u00e4hrleistung jedweder Art, sei sie ausdr\u00fccklich oder stillschweigend, zur Verf\u00fcgung. Wir schlie\u00dfen jegliche Haftung f\u00fcr Sch\u00e4den, die direkt oder indirekt aus der Benutzung dieser Website entstehen, aus, soweit diese nicht auf Vorsatz oder grober Fahrl\u00e4ssigkeit unsererseits beruhen. Unsere Internetseiten enthalten Links auf externe Webseiten. Diese Links haben einen reinen Informationszweck. Auf die Entwicklung der Inhalte dieser verlinkten Webseiten haben wir keinen Einfluss. F\u00fcr den Inhalt der verlinkten Seiten sind daher ausschlie\u00dflich deren Betreiber verantwortlich.<\/p>\n","protected":false},"excerpt":{"rendered":"<p>Heiko Neum\u00fcller 59269 Beckum Mobil: 0175\/9664729 E-Mail: info@aufdemwegzumendederwelt.de Internet: www.aufdemwegzumendederwelt.de Steuer-ID: 48 817 562 393 Hinweis auf urheberrechtliche Inhalte: Copyright 2017. Alle Rechte vorbehalten. Alle Inhalte (Texte, Bilder, Grafiken, Ton-, Video- und Animationsdateien sowie deren Anordnung u. a.) auf der Website unterliegen dem Schutz des Urheberrechts und anderer Schutzgesetze. Der Rechtsschutz gilt auch gegen\u00fcber Datenbanken &hellip; <\/p>\n<p class=\"link-more\"><a href=\"https:\/\/aufdemwegzumendederwelt.de\/?page_id=4\" class=\"more-link\"><span class=\"screen-reader-text\">\u201eImpressum\u201c<\/span> weiterlesen<\/a><\/p>\n","protected":false},"author":1,"featured_media":0,"parent":0,"menu_order":1,"comment_status":"closed","ping_status":"closed","template":"","meta":[],"_links":{"self":[{"href":"https:\/\/aufdemwegzumendederwelt.de\/index.php?rest_route=\/wp\/v2\/pages\/4"}],"collection":[{"href":"https:\/\/aufdemwegzumendederwelt.de\/index.php?rest_route=\/wp\/v2\/pages"}],"about":[{"href":"https:\/\/aufdemwegzumendederwelt.de\/index.php?rest_route=\/wp\/v2\/types\/page"}],"author":[{"embeddable":true,"href":"https:\/\/aufdemwegzumendederwelt.de\/index.php?rest_route=\/wp\/v2\/users\/1"}],"replies":[{"embeddable":true,"href":"https:\/\/aufdemwegzumendederwelt.de\/index.php?rest_route=%2Fwp%2Fv2%2Fcomments&post=4"}],"version-history":[{"count":8,"href":"https:\/\/aufdemwegzumendederwelt.de\/index.php?rest_route=\/wp\/v2\/pages\/4\/revisions"}],"predecessor-version":[{"id":906,"href":"https:\/\/aufdemwegzumendederwelt.de\/index.php?rest_route=\/wp\/v2\/pages\/4\/revisions\/906"}],"wp:attachment":[{"href":"https:\/\/aufdemwegzumendederwelt.de\/index.php?rest_route=%2Fwp%2Fv2%2Fmedia&parent=4"}],"curies":[{"name":"wp","href":"https:\/\/api.w.org\/{rel}","templated":true}]}}